{"id":37388,"date":"2025-12-05T11:00:56","date_gmt":"2025-12-05T11:00:56","guid":{"rendered":"https:labin.net\/producto\/labyclab\/"},"modified":"2026-03-16T14:18:09","modified_gmt":"2026-03-16T14:18:09","slug":"labicuaje","status":"publish","type":"product","link":"https:\/\/labin.net\/fr\/producto\/labicuaje\/","title":{"rendered":"LABICUAJE"},"content":{"rendered":"<p>LABICUAJE est un produit technique sp\u00e9cialement d\u00e9velopp\u00e9 pour favoriser et stimuler la floraison et la nouaison.<\/p>\n<p>Indiqu\u00e9 pour les cultures o\u00f9 la floraison est un facteur limitant ou dans les situations o\u00f9 la floraison est ad\u00e9quate mais o\u00f9 la nouaison est difficile.<br \/>\nL&rsquo;\u00e9quilibre sp\u00e9cial entre le phosphore, le bore, le molybd\u00e8ne et les \u00e9l\u00e9ments stimulants permet d&rsquo;augmenter la quantit\u00e9 et la qualit\u00e9 des fleurs et d&rsquo;am\u00e9liorer la nouaison. Il est recommand\u00e9 d&rsquo;appliquer LABICUAJE dans les cultures d&rsquo;hiver sous serre o\u00f9 le manque de lumi\u00e8re limite la capacit\u00e9 de floraison, dans les oliveraies les ann\u00e9es suivant les ann\u00e9es de forte production et dans les arbres fruitiers et les agrumes.<\/p>\n<p><iframe id=\"player\" src=\"https:\/\/www.youtube.com\/embed\/f07Z5mhMK8E\" width=\"640\" height=\"390\" frameborder=\"0\"><span data-mce-type=\"bookmark\" style=\"display: inline-block; width: 0px; overflow: hidden; line-height: 0;\" class=\"mce_SELRES_start\">\ufeff<\/span><span data-mce-type=\"bookmark\" style=\"display: inline-block; width: 0px; overflow: hidden; line-height: 0;\" class=\"mce_SELRES_start\">\ufeff<\/span><span data-mce-type=\"bookmark\" style=\"display: inline-block; width: 0px; overflow: hidden; line-height: 0;\" class=\"mce_SELRES_start\">\ufeff<\/span><\/iframe><\/p>\n","protected":false},"excerpt":{"rendered":"<ul>\n<li>Augmentation de la floraison et de la nouaison<\/li>\n<li>Tr\u00e8s efficace dans les situations difficiles et contraignantes (par exemple, le manque de lumi\u00e8re dans les cultures hivernales sous serre).<\/li>\n<li>Convient aux vari\u00e9t\u00e9s et esp\u00e8ces difficiles<\/li>\n<\/ul>\n","protected":false},"featured_media":38655,"comment_status":"closed","ping_status":"closed","template":"","meta":{"_acf_changed":false},"cultivo":[355,384,412,446,480,356,385,418,447,481,360,389,419,448,482,361,390,420,453,483,363,391,421,454,484,364,396,427,455,490,365,397,428,456,491,336,369,398,429,457,492,338,370,399,430,462,493,342,371,404,431,463,518,343,373,405,436,464,519,344,374,406,437,470,524,348,375,408,438,471,525,349,377,409,439,472,526,350,378,410,440,473,354,383,411,445,474],"ecologico":[828],"medioambiente":[843],"solucion":[858,924],"tipo-de-aplicacion":[527,809],"product_brand":[],"product_cat":[974,1012],"product_tag":[],"class_list":{"0":"post-37388","1":"product","2":"type-product","3":"status-publish","4":"has-post-thumbnail","6":"cultivo-cerise","7":"cultivo-membrillero","8":"cultivo-poignee","9":"cultivo-col","10":"cultivo-betterave","11":"cultivo-prune","12":"cultivo-oranger","13":"cultivo-fruit-de-la-passion","14":"cultivo-choux-de-bruxelles","15":"cultivo-roquette","16":"cultivo-clementino","17":"cultivo-nectarine","18":"cultivo-papaye","19":"cultivo-chou-fleur","20":"cultivo-pasteque","21":"cultivo-grenade","22":"cultivo-noyer","23":"cultivo-ananas","24":"cultivo-endive","25":"cultivo-soja-vert","26":"cultivo-higuera","27":"cultivo-olivier","28":"cultivo-pitahaya","29":"cultivo-epinards","30":"cultivo-tomate","31":"cultivo-kiwi","32":"cultivo-vigne-ornementale","33":"cultivo-tamarin","34":"cultivo-pois","35":"cultivo-carotte","36":"cultivo-citronnier","37":"cultivo-peral","38":"cultivo-the","39":"cultivo-petit-haricot","40":"cultivo-arbres-dornement","41":"cultivo-arbres-fruitiers","42":"cultivo-avocat","43":"cultivo-pistache","44":"cultivo-manioc","45":"cultivo-haricot-vert","46":"cultivo-cespedes","47":"cultivo-tropical","48":"cultivo-banane-plantain","49":"cultivo-pamplemousse","50":"cultivo-bette-a-carde","51":"cultivo-laitue","52":"cultivo-fleurs","53":"cultivo-horticulture","54":"cultivo-cacao","55":"cultivo-vigne","56":"cultivo-ail","57":"cultivo-melon","58":"cultivo-extensions","59":"cultivo-parcs-et-jardins","60":"cultivo-cafe","61":"cultivo-canne-a-sucre","62":"cultivo-aubergine","63":"cultivo-navet","64":"cultivo-cereales","65":"cultivo-abricot","66":"cultivo-carambole","67":"cultivo-pomme-a-la-creme","68":"cultivo-patate-douce","69":"cultivo-pommes-de-terre","70":"cultivo-fourrages-et-paturages","71":"cultivo-amandier","72":"cultivo-lima","73":"cultivo-coco","74":"cultivo-brocoli","75":"cultivo-concombre","76":"cultivo-legumineuses-extensives","77":"cultivo-noisette","78":"cultivo-mandarino","79":"cultivo-fruits-rouges-baies","80":"cultivo-courgette","81":"cultivo-poivre","82":"cultivo-graines-oleagineuses","83":"cultivo-kaki","84":"cultivo-manzano","85":"cultivo-goyave","86":"cultivo-citrouille","87":"cultivo-poireau","88":"cultivo-marron","89":"cultivo-peche","90":"cultivo-litchi","91":"cultivo-oignon","92":"cultivo-radis","93":"ecologico-no","94":"medioambiente-efficacite-de-lutilisation-des-nutriments","95":"solucion-carence-en-p","96":"solucion-floraison-et-nouaison","97":"tipo-de-aplicacion-fertigation","98":"tipo-de-aplicacion-foliaire","99":"product_cat-correcteur-de-carences","100":"product_cat-specialites","102":"first","103":"instock","104":"shipping-taxable","105":"product-type-simple"},"acf":[],"_links":{"self":[{"href":"https:\/\/labin.net\/fr\/wp-json\/wp\/v2\/product\/37388","targetHints":{"allow":["GET"]}}],"collection":[{"href":"https:\/\/labin.net\/fr\/wp-json\/wp\/v2\/product"}],"about":[{"href":"https:\/\/labin.net\/fr\/wp-json\/wp\/v2\/types\/product"}],"replies":[{"embeddable":true,"href":"https:\/\/labin.net\/fr\/wp-json\/wp\/v2\/comments?post=37388"}],"wp:featuredmedia":[{"embeddable":true,"href":"https:\/\/labin.net\/fr\/wp-json\/wp\/v2\/media\/38655"}],"wp:attachment":[{"href":"https:\/\/labin.net\/fr\/wp-json\/wp\/v2\/media?parent=37388"}],"wp:term":[{"taxonomy":"cultivo","embeddable":true,"href":"https:\/\/labin.net\/fr\/wp-json\/wp\/v2\/cultivo?post=37388"},{"taxonomy":"ecologico","embeddable":true,"href":"https:\/\/labin.net\/fr\/wp-json\/wp\/v2\/ecologico?post=37388"},{"taxonomy":"medioambiente","embeddable":true,"href":"https:\/\/labin.net\/fr\/wp-json\/wp\/v2\/medioambiente?post=37388"},{"taxonomy":"solucion","embeddable":true,"href":"https:\/\/labin.net\/fr\/wp-json\/wp\/v2\/solucion?post=37388"},{"taxonomy":"tipo-de-aplicacion","embeddable":true,"href":"https:\/\/labin.net\/fr\/wp-json\/wp\/v2\/tipo-de-aplicacion?post=37388"},{"taxonomy":"product_brand","embeddable":true,"href":"https:\/\/labin.net\/fr\/wp-json\/wp\/v2\/product_brand?post=37388"},{"taxonomy":"product_cat","embeddable":true,"href":"https:\/\/labin.net\/fr\/wp-json\/wp\/v2\/product_cat?post=37388"},{"taxonomy":"product_tag","embeddable":true,"href":"https:\/\/labin.net\/fr\/wp-json\/wp\/v2\/product_tag?post=37388"}],"curies":[{"name":"wp","href":"https:\/\/api.w.org\/{rel}","templated":true}]}}

<p>LABICUAJE est un produit technique spécialement développé pour favoriser et stimuler la floraison et la nouaison.</p>
<p>Indiqué pour les cultures où la floraison est un facteur limitant ou dans les situations où la floraison est adéquate mais où la nouaison est difficile.<br />
L&rsquo;équilibre spécial entre le phosphore, le bore, le molybdène et les éléments stimulants permet d&rsquo;augmenter la quantité et la qualité des fleurs et d&rsquo;améliorer la nouaison. Il est recommandé d&rsquo;appliquer LABICUAJE dans les cultures d&rsquo;hiver sous serre où le manque de lumière limite la capacité de floraison, dans les oliveraies les années suivant les années de forte production et dans les arbres fruitiers et les agrumes.</p>
<p><iframe id="player" src="https://www.youtube.com/embed/f07Z5mhMK8E" width="640" height="390" frameborder="0"><span data-mce-type="bookmark" style="display: inline-block; width: 0px; overflow: hidden; line-height: 0;" class="mce_SELRES_start">﻿</span><span data-mce-type="bookmark" style="display: inline-block; width: 0px; overflow: hidden; line-height: 0;" class="mce_SELRES_start">﻿</span><span data-mce-type="bookmark" style="display: inline-block; width: 0px; overflow: hidden; line-height: 0;" class="mce_SELRES_start">﻿</span></iframe></p>

<ul>
<li>Augmentation de la floraison et de la nouaison</li>
<li>Très efficace dans les situations difficiles et contraignantes (par exemple, le manque de lumière dans les cultures hivernales sous serre).</li>
<li>Convient aux variétés et espèces difficiles</li>
</ul>
